What is the highest common divisor of i and j?
19
Suppose -2*v + 125 = -3*t + 2*t, -143 = -2*v - 5*t. Let m(w) = -9 - 5 + w**2 - 3*w**2 + 23*w. Let j be m(10). Calculate the greatest common divisor of j and v.
16
Let y(o) = 5 + 23*o - 22*o - 50*o - 71*o. Let u be y(-1). Let d = -11 + 61. What is the greatest common divisor of u and d?
25
Suppose 5*s + 14 - 134 = 0. Suppose 0*c - 432 = -2*c. Calculate the greatest common divisor of s and c.
24
Let f = 36 + -30. Suppose f*x - x = 5. Let p be x/(-2 - -3) - -7. Calculate the greatest common factor of 1 and p.
1
Let q be 300/55*(-11 + (-363)/(-6)). Calculate the highest common factor of q and 1692.
18
Let s(k) = 1155*k - 8027. Let o be s(7). What is the greatest common divisor of o and 2291?
29
Let h(i) be the second derivative of -i**5/10 + 7*i**4/12 + 7*i**3/6 - 9*i**2/2 + 49*i. Let b be h(4). What is the greatest common divisor of 3 and b?
3
Let r(w) = -w**3 - 61*w**2 + 193*w - 373. Let j be r(-65). What is the highest common factor of 22 and j?
22
Suppose -320 = 16*l - 8*l. Let h = 47 + l. Let z(i) = i**2 + 11*i - 21. Let b be z(-14). What is the greatest common factor of b and h?
7
Let y(v) = 322*v**2 + 10*v + 8. Let h be y(-1). Suppose -2*m = -l - h, 2*m + 162 - 498 = -3*l. Calculate the greatest common divisor of 6 and m.
6
Let q(z) = -2*z**3 - 9*z**2 + 5*z - 70. Let r be q(-6). What is the greatest common divisor of r and 1544?
8
Let n be (4 - -1) + (4 + 0 - 1). Suppose 91 - 75 = n*h. What is the highest common factor of h and 9?
1
Let o(s) = 86*s - 123. Let y be o(6). Let c = y + -240. What is the highest common divisor of c and 9?
9
Let j be (-27)/(-45) - (-6)/(-10). Let k be ((-5)/3)/((-5)/(-15)). Let o be ((-2)/k - j)*30. What is the greatest common factor of 36 and o?
12
Suppose -2*h + 3*l + 308 = 0, -4*h + 4*l + 363 = -257. Suppose -12*w - 1 = -h. Suppose -w = -6*p + 5. Calculate the highest common factor of p and 6.
3
Let v(i) = i**2 - 9*i + 1. Let s be v(-5). Suppose 37 = 18*a - s. What is the greatest common divisor of a and 8?
2
Let q(t) = t**3 - 9*t**2 + 2*t + 12. Let x be q(9). Let f = -1257 - -1422. What is the greatest common divisor of f and x?
15
Let k(p) = 701*p - 613. Let c be k(1). What is the highest common divisor of 19096 and c?
88
Let m(s) = 2*s**3 + 108*s**2 + 149. Let i be m(-54). Calculate the highest common factor of 15049 and i.
149
Let x(v) = -149*v + 1016. Let c be x(-31). Calculate the highest common divisor of 115 and c.
115
Let s = 17 - 13. Let w be (1/((-8)/(-636)))/(3/s). Let q = 817 - 552. Calculate the greatest common divisor of w and q.
53
Let n = -98 - -98. Suppose -2*y - 4*h + 50 = n, h + 2 = 1. Suppose 3*f - 270 = f. What is the highest common factor of f and y?
27
Suppose -14*j + 2881 = 823. Let o = j + -63. Calculate the greatest common divisor of 56 and o.
28
Let p(u) = 310*u - 7575. Let m be p(26). Let q(d) = -65*d - 2. Let r be q(-6). Calculate the greatest common divisor of m and r.
97
Suppose -6 = 3*c - 174. Suppose -h + 32 = r, -58 = -14*r + 5*h + 314. Calculate the greatest common divisor of r and c.
28
Suppose a - 1158 = -2*z, 0 = 2227*z - 2224*z - 2*a - 1765. Calculate the highest common factor of z and 795.
53
Let r = -63 + 238. Suppose 132 = 8*s - 68. What is the greatest common divisor of s and r?
25
Let l(k) = -2*k**2 - 24*k - 13. Let y be l(-12). Let t be 11 + (-13)/(y/4). Calculate the highest common factor of 5 and t.
5
Let b = -5792 + 15088. What is the highest common divisor of b and 16?
16
Let z(j) = -51*j - 3255. Let v be z(-64). Calculate the greatest common factor of 4977 and v.
9
Let r be 223 + (-56 - -12)/(-22). Suppose 0*z = 2*z - 18. Calculate the highest common divisor of z and r.
9
Let u = 3266 - 3164. What is the highest common divisor of u and 1598?
34
Let f = -302 - -312. Let k be ((-14880)/(-33))/5 - 2/11. What is the greatest common divisor of k and f?
10
Let f = -657 + 657. Suppose v + 5*s - 47 = f, 170 = -v + 5*v + 2*s. Calculate the greatest common divisor of v and 42.
42
Suppose -17*y + 13*y - 3*z + 3262 = 0, -6*y = -2*z - 4880. Calculate the greatest common divisor of 66 and y.
22
Let n be 853/(-4) + 26/8 + -4. Let u = 230 + n. What is the highest common divisor of 848 and u?
16
Suppose -11*g = -251 + 53. Suppose 7*c - 45 = -3. What is the highest common factor of g and c?
6
Let k be (-15)/2*(-24)/(-9). Let i = 34 + k. Let g be (-165)/(-6) - 1/(-2) - 0. What is the highest common divisor of g and i?
14
Suppose 13*g - 15*g = 5*o - 416, -5*o - g + 413 = 0. Suppose 4*a - 214 = 4*k + o, -4*a + 293 = -5*k. Calculate the highest common factor of a and 385.
77
Suppose 5*f - f = 4*o - 376, -f = 3*o + 94. Let d = f - -94. Suppose d = 13*m - 32 - 46. What is the greatest common divisor of 66 and m?
6
Let f = -293 - -349. What is the highest common divisor of 40 and f?
8
Let o be (-9)/6*5/(-15)*-1214. Let w = -383 - o. Calculate the greatest common factor of 42 and w.
14
Let d be 156/18 - (-3)/9. Suppose -u - 3*m + 7 = -d, u = 5*m + 48. Calculate the highest common factor of u and 336.
28
Let z = 7785 - 6173. Calculate the highest common divisor of 496 and z.
124
Let d(t) = 4 + 7 - 60*t + 62*t. Let i be d(7). Calculate the highest common factor of 200 and i.
25
Suppose 4*b - 5*b = 5*l + 16, 0 = 3*b + 3*l. Suppose 4*u - 52 = -b*f, 4*u + 3*f - 44 = f. What is the greatest common divisor of 15 and u?
3
Suppose -u - 2*j + 76 = -4*j, -u = -4*j - 68. Suppose 23 = 2*h + 7. Suppose 0 = 4*x - h, -4*g + 48 = -2*g + 3*x. Calculate the highest common factor of u and g.
21
Let c = 2848 - 2584. What is the greatest common factor of c and 144?
24
Suppose -2*w + 167 = 3*s, -34 - 151 = -2*w + 3*s. Let n be (-6)/8 + 7/4. Suppose 2*q = 17 - n. Calculate the greatest common factor of q and w.
8
Let w = -69 + 75. Suppose -w*y + 404 - 92 = 0. Let i = -51 + y. Calculate the highest common factor of i and 4.
1
Suppose -455 = 2*i - 7*i. Let f = 353 + -240. Let k = 120 - f. Calculate the greatest common factor of k and i.
7
Let z be -4*(3 + -1*(-10)/(-4)). Let a be 4 + (z/1)/(-2). What is the highest common factor of 4 and a?
1
Let v(u) = u + 12. Let m be ((-9)/12)/((-15)/40). Suppose m*n = -0*n. Let a be v(n). Calculate the greatest common factor of a and 12.
12
Suppose -15*t = -46 - 29. Suppose 111 = t*l - 69. Calculate the highest common divisor of l and 63.
9
Let c(u) = 75*u + 379. Let d be c(-5). Calculate the highest common factor of d and 316.
4
Let y be 197/2 - 36/24. Suppose -4*j + y = 3*n, -2*j + 116 = -4*n + 8*n. What is the highest common factor of 9 and n?
9
Let n(s) = -s**3 - 3*s**2 + 316*s - 180. Let m be n(16). Let w = 471 + -87. What is the highest common factor of w and m?
12
Let o = 20 + -2. Let z = 9 - 7. Let g(d) = 15*d**3 + 2*d**2 - d. Let y be g(z). Calculate the greatest common factor of o and y.
18
Let y be ((-16)/(-12) + -2)/((-6)/3528). Suppose -y = -20*i + 28. What is the highest common divisor of 147 and i?
21
Let r(a) = -2*a**3 - 3*a**2 - a + 6. Let x be r(-4). Calculate the highest common factor of 468 and x.
18
Let j(s) = -572*s - 3420. Let h be j(-9). What is the highest common factor of h and 9?
9
Let w(f) = -345 + 275 + f + 4*f. Let k be w(20). Suppose -11 - 39 = -5*a. Calculate the highest common divisor of a and k.
10
Let v be (4 + 288/(-10))*(172/(-8) - 1). What is the highest common divisor of v and 1922?
62
Let t(k) = 57*k + 1289. Let f be t(-22). Let x be 36/15 - 2/5. Let q be 9 + (-2)/(x - 1). Calculate the highest common factor of q and f.
7
Let t(l) = l**2 + 888*l + 2667. Let b be t(-3). What is the highest common divisor of b and 132?
12
Let h = 2164 + 516. What is the highest common factor of 40 and h?
40
Suppose -z + 4 = 3*z - 3*g, 2*g - 4 = z. Suppose 4*n = 3*f - z, f - 6*f = -20. Suppose -n*x = -20 - 22. What is the greatest common factor of x and 63?
21
Suppose 827 - 823 = 2*y. Let l be (y + -3)*(8 + -2 - 386). What is the highest common factor of l and 114?
38
Let l(g) = 24*g**2 - 3*g + 5. Let b = 257 + -256. Let v be l(b). What is the highest common factor of 247 and v?
13
Let f = 294 - 150. Suppose 7*x - f = x. Let w = 34 - x. What is the greatest common divisor of w and 30?
10
Suppose 0 = h + 4*b - 12, -h - 3*b + 4*b + 37 = 0. Let s be 2*(-3)/4*32/(-12)*28. Calculate the greatest common di